{"id":259,"date":"2023-11-17T15:16:17","date_gmt":"2023-11-17T18:16:17","guid":{"rendered":"https:\/\/marcenariarusticaecriativa.com.br\/?post_type=product&#038;p=259"},"modified":"2023-11-26T00:57:13","modified_gmt":"2023-11-26T03:57:13","slug":"259","status":"publish","type":"product","link":"https:\/\/marcenariarusticaecriativa.com.br\/index.php\/produto\/259\/","title":{"rendered":""},"content":{"rendered":"<p>Venha conhecer nossos projetos Encontre aqui as mais diversas variedades de m\u00f3veis super vers\u00e1teis, de qualidade e beleza sem igual!<\/p>\n<p>mesa para eventos , shows ou para aquele espa\u00e7o reservado em sua resid\u00eancia , que voc\u00ea quer transformar em um ambiente aconchegante para horas de lazer co a familia.<\/p>\n","protected":false},"excerpt":{"rendered":"<p>Espa\u00e7os voltados para descanso e reflex\u00e3o, devem refletir o perfil do cliente, com praticidade e conforto.Na Marcenari Criativa WeA, todos os produtos s\u00e3o personaliz\u00e1veis, permitindo que voc\u00ea escolha as medidas, padr\u00f5es de cor e opcionais que melhor se adequem \u00e0s suas necessidades.<\/p>\n<p>&nbsp;<\/p>\n","protected":false},"featured_media":252,"comment_status":"open","ping_status":"closed","template":"","meta":[],"product_cat":[16,17,29],"product_tag":[18],"_links":{"self":[{"href":"https:\/\/marcenariarusticaecriativa.com.br\/index.php\/wp-json\/wp\/v2\/product\/259"}],"collection":[{"href":"https:\/\/marcenariarusticaecriativa.com.br\/index.php\/wp-json\/wp\/v2\/product"}],"about":[{"href":"https:\/\/marcenariarusticaecriativa.com.br\/index.php\/wp-json\/wp\/v2\/types\/product"}],"replies":[{"embeddable":true,"href":"https:\/\/marcenariarusticaecriativa.com.br\/index.php\/wp-json\/wp\/v2\/comments?post=259"}],"wp:featuredmedia":[{"embeddable":true,"href":"https:\/\/marcenariarusticaecriativa.com.br\/index.php\/wp-json\/wp\/v2\/media\/252"}],"wp:attachment":[{"href":"https:\/\/marcenariarusticaecriativa.com.br\/index.php\/wp-json\/wp\/v2\/media?parent=259"}],"wp:term":[{"taxonomy":"product_cat","embeddable":true,"href":"https:\/\/marcenariarusticaecriativa.com.br\/index.php\/wp-json\/wp\/v2\/product_cat?post=259"},{"taxonomy":"product_tag","embeddable":true,"href":"https:\/\/marcenariarusticaecriativa.com.br\/index.php\/wp-json\/wp\/v2\/product_tag?post=259"}],"curies":[{"name":"wp","href":"https:\/\/api.w.org\/{rel}","templated":true}]}}